 is the units digit of f*(6*2)/(-3)?
8
Suppose -4*k = 4, 4*y - 2*k = 38 + 32. Suppose -5*h = -4*c - 8, 8 = 4*h + 3*c - y. What is the units digit of h?
4
Suppose t + 4*x = 28 + 10, 5*x = 3*t - 63. What is the units digit of t?
6
Suppose 5*h - 5*u - 675 = 0, 4*h - 633 + 72 = -3*u. What is the units digit of h?
8
Let r(v) = -v**3 + 6*v**2 + 2*v - 9. Let u(p) = -p**3 + 6. Let d be 1 - -3*(-1)/3. Let x be u(d). What is the units digit of r(x)?
3
Let j(l) = -4*l + 5*l + 11*l**2 - 2*l**2 + l + 1. What is the units digit of j(-1)?
8
Let d(l) = 10*l**2 - 7*l + 9. What is the tens digit of d(3)?
7
Let r = -17 + 22. Let c(l) = 6*l + 10. What is the units digit of c(r)?
0
Suppose -2*o + 4*z = 2*o - 112, 2*z + 27 = o. Suppose 2*y = 5*y - 5*x - 43, -3*y + o = 2*x. What is the units digit of y?
1
Suppose 10 = -9*b + 4*b. Let l = 10 + b. What is the units digit of l?
8
Let q = 137 + -95. What is the units digit of q?
2
Suppose 16 + 62 = 3*c. What is the units digit of c?
6
Suppose 2*u + 2*r = 0, 0*u + 2*r = 4*u - 6. What is the units digit of u/(-5) - 41/(-5)?
8
Let d(x) = x**3 - x**2 + 3*x - 4. Let q be d(2). Suppose q*v = 7*v - 19. What is the tens digit of v?
1
Let q(h) = 2*h**3 - h**2 - 5*h - 4. What is the tens digit of q(5)?
9
Suppose 0 = -2*z + 7*z + 20. Let m = 6 + z. Suppose 0*k + 2*k - 10 = -2*r, r - 6 = -m*k. What is the units digit of r?
4
What is the units digit of (-7)/2*(-12 - 2)?
9
Let v be (-78)/(-10) + (-1)/(-5). Suppose g = -t - 3*t + 8, -g + v = -3*t. What is the units digit of g?
8
Let y(l) = -l - 1. Let d be y(-5). Let f(h) = 4*h + d + h**2 - 1 + 1. What is the units digit of f(-4)?
4
Let p = -1 - -1. Suppose -5*q = x - 11, 0*q = 4*q - 4*x - 28. Let g = q + p. What is the units digit of g?
3
Let d(f) = -f + 42. Let l be d(0). Suppose 5*o = 2*o + l. What is the tens digit of o?
1
Let y(v) = -v**3 - 2*v**2 + 2*v. Let o be y(-3). Suppose -o*z = -2 - 1. What is the units digit of 3 - (1 + 0/z)?
2
Let y be 32/10*(-5)/(-1). Suppose -2*v = 8 - y. What is the units digit of v?
4
Let w(v) = v + 7. Let p be w(-5). Let f be 1*(p + 2*5). Suppose 2*h - f = -0*h. What is the units digit of h?
6
Let p(m) = 4*m - 3. Suppose 2*h - 8 = -2*h. What is the units digit of p(h)?
5
Let j be ((-4)/5)/(5/(-25)). Let d(q) = q**2 - 4*q + 1. What is the units digit of d(j)?
1
Suppose -2*t = -11 + 5. Let z be 5*4/(5 + -1). Suppose t*l = -4*h + 31, -2*l = h - z*h + 6. What is the units digit of h?
4
Let q(m) = -m**2 + 5*m - 1. Let u be q(5). Let o be u*(2 - 92/2). Suppose 3*d + 4*j = -0*d + o, -3*j = d - 13. What is the units digit of d?
6
Let n(p) = -p**2 - p + 41. What is the units digit of n(0)?
1
Let s(y) = y**3 - 31*y**2 - 27*y + 60. What is the tens digit of s(32)?
2
What is the tens digit of 1*(98 + (-2 + -1)/(-3))?
9
Let y(i) = -3*i + 18. Let w be y(6). Suppose w = 5*x - 0*l - 2*l - 108, -2*x - l + 45 = 0. What is the tens digit of x?
2
Let b(g) be the first derivative of -g**2/2 + 10*g + 1. Let l be b(7). Suppose 20 = l*x + 2*x. What is the units digit of x?
4
Suppose 0 = 3*t - o + 61, 0*t = 3*t - 4*o + 46. Let r = 65 + t. What is the tens digit of r?
4
Let h(m) = -m**2 - 6*m + 2. Suppose -j + a = j - 2, a + 2 = 0. Suppose -g + 2*g + 5 = j. What is the units digit of h(g)?
7
Let q(k) = k**3 + k**2 + 2*k + 58. What is the tens digit of q(0)?
5
Suppose -3*t = -2*t - 147. What is the tens digit of t?
4
Let a be (25/10)/((-2)/4). Let b(t) = -t**2 + 8*t + 3. Let n be b(6). Let k = a + n. What is the units digit of k?
0
What is the hundreds digit of ((-1)/(-2))/(14/7560)?
2
Suppose 3*s + 1 = 34. What is the tens digit of s?
1
Let n = -53 - -122. What is the units digit of n?
9
Let t(g) = -g**2 - 5*g + 5. Let b(s) = -s**3 + 4*s**2 - 3*s. Let j be b(2). Suppose -j*f - 2*n = 2*n + 30, 4*f + 2*n + 30 = 0. What is the units digit of t(f)?
5
Let d = 98 - 67. Suppose d + 65 = 4*b. What is the tens digit of b?
2
Let v(x) be the third derivative of x**4/24 - 5*x**3/6 + 5*x**2. What is the units digit of v(7)?
2
What is the hundreds digit of (4 - 5)*-3 - -231?
2
Let g be 4/(1 + 0)*-1. Let i(s) = -2*s + 1. What is the units digit of i(g)?
9
Let m = -12 - -20. Suppose 3*q - 13 = m. What is the units digit of q?
7
Suppose 61 + 24 = 5*d. Let c = d - 38. Let r = 40 + c. What is the tens digit of r?
1
Let i = 6 + -2. Suppose i*n - 9 = 31. What is the units digit of n?
0
Suppose 5 + 113 = n + l, 4*n = -2*l + 476. Suppose n = 5*m - 0*m. What is the units digit of m?
4
Suppose 0 = -2*m + 6*m + 4. Let t be ((-1)/(-2))/((-3)/6). What is the units digit of (-11 + 0/t)*m?
1
Let o be (22/(-2)*2)/2. Let h = 26 + o. What is the tens digit of h?
1
Suppose -3*c = -6*c - 9. Let m = c + 3. Suppose k = -2*y - m*k + 18, -2*k + 1 = -y. What is the units digit of y?
7
Let v(k) = -k**3 + 10*k**2 + 15*k - 4. What is the units digit of v(11)?
0
Let h(n) = n**2 - 3*n - 1. What is the units digit of h(4)?
3
Let j = -4 + 0. Let z(y) = 2*y**2 + 7*y + 5. What is the units digit of z(j)?
9
Suppose 0 = 5*d + 39 + 26. Let w = 0 - d. What is the tens digit of w?
1
Let v(u) = 5*u**2 - 3*u - 13. What is the hundreds digit of v(-5)?
1
Suppose -2*t = -4*j - t - 12, -2*j = -5*t + 6. Let w = 0 + 7. Let s = j + w. What is the units digit of s?
4
What is the tens digit of 46*1*(-39)/(-26)?
6
Suppose -2*y = 5*f + 49, -4*y - 3*f - 63 = -0*y. Let h = 23 + y. What is the units digit of h?
1
Let x(i) = i + 5. Let b(j) = 1. Let h(d) = 6*b(d) - x(d). Let g = 3 + -7. What is the units digit of h(g)?
5
Suppose 3*i - 4*i = 1. Let w(f) be the first derivative of -3*f**2 + f + 2. What is the units digit of w(i)?
7
Suppose -2*n = c - 56, -80 = 4*c - 3*n - 337. What is the tens digit of c?
6
Let v be (-45)/(-10)*(1 - -13). Suppose 2*w + 63 = 3*h, h + 2*h = -3*w + v. What is the units digit of h?
1
Let l(a) = -133*a - 16. What is the units digit of l(-2)?
0
Let l(j) = j**2 - j + 50. Let w be l(0). Suppose 5*x - 2*c - w = 0, -2*x - 4*c = 3*x - 50. What is the tens digit of x?
1
Let h = -83 + 190. What is the hundreds digit of h?
1
Suppose -3*d - i + 0 = -14, -3*d + 17 = -2*i. What is the units digit of d?
5
Suppose -8 = 5*x - x. Let n = 9 + x. Let m = n - 5. What is the units digit of m?
2
Suppose t = -5*j + 2, 2*j = 5*t + 26 - 9. What is the units digit of (t*(-66)/(-9))/(-2)?
1
Let u = 15 + -5. Let k = -3 + u. Suppose -2*s - 14 = -l, k*s = 5*l + 2*s - 60. What is the units digit of l?
0
Suppose z = -0*z + 11. What is the tens digit of (z/(-5))/(7/(-35))?
1
Suppose -29 = 3*h - 8. Let f(x) = -x**2 - 8*x - 3. Let p be f(h). What is the units digit of p/2 - (-1 + 1)?
2
Let k(y) = -20 + 23*y**2 + 20. Let u be k(1). Suppose u + 16 = 3*m. What is the tens digit of m?
1
Suppose 0*d - 3*d + 117 = 0. What is the units digit of d?
9
Suppose -8*k - 3*k + 616 = 0. What is the units digit of k?
6
Suppose -162 = -2*r - r. What is the units digit of r?
4
Suppose -4*a - 233 = -5. Let b = 89 + a. What is the units digit of b/5 + (-6)/(-10)?
7
Let j = -15 - -30. What is the units digit of j?
5
Let j = 10 - 17. Let y(x) = 2*x**2 + 23*x + 14. Let o(u) = -u**2 - 11*u - 7. Let v(k) = 5*o(k) + 2*y(k). What is the units digit of v(j)?
7
Let x be 1 + (2 + -1 - -1). Let c(m) = 12*m - 2. What is the tens digit of c(x)?
3
Let w(k) = 3*k + 5. Let x be w(7). Suppose -3*g - 4*r = -83, g - r - x = -2*r. What is the tens digit of g?
2
Let p = 0 + -3. What is the units digit of p + 6*(-3)/(-1)?
5
Let j = -13 - -24. Let x = j - 6. What is the units digit of (-2)/2 + (x - -1)?
5
Let u(m) = m**2 - 9*m + 3. Let r(a) = -a. Let g(b) = r(b) - u(b). What is the tens digit of g(5)?
1
What is the tens digit of (-4)/6*-126 - (-1 - -2)?
8
Suppose 17 = 3*c - 100. What is the units digit of c?
9
Let d(g) = 3*g**2 - 3*g - 1. Let w be ((-3)/(-2))/(1/(-2)). Let p = w - -1. What is the tens digit of d(p)?
1
Suppose -b - 276 = -5*b. What is the tens digit of 1/2 + b/6?
1
Suppose 2*n + x = -2*n + 35, -3*n + 25 = x. What is the units digit of n?
0
Let q = -13 + 31. What is the units digit of q?
8
Suppose -3*d + 0*z + z + 77 = 0, d - 28 = -2*z. What is the tens digit of d?
2
Let q = -459 - -850. What is the units digit of q?
1
Let x(j) = -j + 5. Let s(h) = 1. Let a(z) = 4*s(z) - x(z). What is the tens digit of a(11)?
1
Suppose -2*q + 5 = 1. Suppose -2 = -q*o + 14. Suppose a = o - 3